{"id":655,"date":"2019-01-31T17:21:29","date_gmt":"2019-01-31T17:21:29","guid":{"rendered":"http:\/\/www.kinderfestival-konz.de\/?page_id=655"},"modified":"2019-01-31T17:45:10","modified_gmt":"2019-01-31T17:45:10","slug":"ritter-rost-kommt-nach-konz","status":"publish","type":"page","link":"https:\/\/www.kinderfestival-konz.de\/?page_id=655","title":{"rendered":"Ritter Rost kommt nach Konz"},"content":{"rendered":"<p><strong>Ritter Rost kommt nach Konz<\/strong><\/p>\n<p>In den Herzen der Kinder ist er der witzigste, st\u00e4rkste und kl\u00fcgste Ritter der ganzen Welt.<\/p>\n<p>Hergestellt aus dem sch\u00f6nsten Schrott und der urigsten Registrierkasse ern\u00e4hrt er sich von N\u00e4geln und B\u00fcroklammern. Zusammen mit seinem Burgfr\u00e4ulein B\u00f6 und ihrem sprechenden Hut sowie dem Drachen Koks bewohnt er die Eiserne Burg, dort wo der Wald am finstersten ist und sich selbst die kantigsten R\u00e4uber nicht hin trauen. Von hier aus erlebt er die spannendsten Abenteuer.<\/p>\n<p>Ritter Rost ist seit \u00fcber 20 Jahren der Held von 13 Kinderb\u00fcchern, \u00a0von 52 KIKA-3 D-Animations-folgen, zahlreichen Trickfilm-Videos, die unregelm\u00e4\u00dfig in der &#8220;Sendung mit der Maus&#8221; gezeigt werden, \u00a0und mittlerweile von 2 Kinofilmen. \u00a0Die Original-B\u00fccher von Felix Janosa und J\u00f6rg Hilbert haben die Theaterb\u00fchne mit zahlreichen Musicals erobert.<\/p>\n<p>Vor wenigen Monaten erst feierte der neue Film &#8220;Ritter Rost 2 &#8211; Das Schrottkomplott&#8221; in den deutschen Kinos seine erfolgreiche Premiere.<\/p>\n<p>Kinder lieben den tollpatschigen, aber liebenswerten Helden.<\/p>\n<p>Wir freuen uns schon heute auf die B\u00fchnenshow von Ritter Rost auf der Kinderkulturb\u00fchne beim Kinderfestival Konz am 08. September in Konz begr\u00fc\u00dfen zu k\u00f6nnen.<\/p>\n<p>In der Ritter Rost-B\u00fchnenshow \u201eRitter Rost r\u00e4umt auf!\u201c d\u00fcrfen alle kleinen Fans kr\u00e4ftig mitmachen und zusammen mit Ritter Rost und dem Burgfr\u00e4ulein B\u00f6 fr\u00f6hliche Abenteuer durchleben. \u00a0Und die ber\u00fchmten Ritter Rost-Lieder lautstark mitsingen. Das Publikum erlebt Ritter Rost live, kann seinen Helden anfeuern, ihm zujubeln. Ein gro\u00dfer Spa\u00df f\u00fcr die J\u00fcngsten.<\/p>\n","protected":false},"excerpt":{"rendered":"<p>Ritter Rost kommt nach Konz In den Herzen der Kinder ist er der witzigste, st\u00e4rkste und kl\u00fcgste Ritter der ganzen Welt. Hergestellt aus dem sch\u00f6nsten Schrott und der urigsten Registrierkasse ern\u00e4hrt er sich von N\u00e4geln und B\u00fcroklammern. Zusammen mit seinem Burgfr\u00e4ulein B\u00f6 und ihrem sprechenden Hut sowie dem Drachen Koks bewohnt er die Eiserne Burg, [&hellip;]<\/p>\n","protected":false},"author":2,"featured_media":0,"parent":0,"menu_order":0,"comment_status":"closed","ping_status":"closed","template":"","meta":{"footnotes":""},"_links":{"self":[{"href":"https:\/\/www.kinderfestival-konz.de\/index.php?rest_route=\/wp\/v2\/pages\/655"}],"collection":[{"href":"https:\/\/www.kinderfestival-konz.de\/index.php?rest_route=\/wp\/v2\/pages"}],"about":[{"href":"https:\/\/www.kinderfestival-konz.de\/index.php?rest_route=\/wp\/v2\/types\/page"}],"author":[{"embeddable":true,"href":"https:\/\/www.kinderfestival-konz.de\/index.php?rest_route=\/wp\/v2\/users\/2"}],"replies":[{"embeddable":true,"href":"https:\/\/www.kinderfestival-konz.de\/index.php?rest_route=%2Fwp%2Fv2%2Fcomments&post=655"}],"version-history":[{"count":2,"href":"https:\/\/www.kinderfestival-konz.de\/index.php?rest_route=\/wp\/v2\/pages\/655\/revisions"}],"predecessor-version":[{"id":662,"href":"https:\/\/www.kinderfestival-konz.de\/index.php?rest_route=\/wp\/v2\/pages\/655\/revisions\/662"}],"wp:attachment":[{"href":"https:\/\/www.kinderfestival-konz.de\/index.php?rest_route=%2Fwp%2Fv2%2Fmedia&parent=655"}],"curies":[{"name":"wp","href":"https:\/\/api.w.org\/{rel}","templated":true}]}}