{"id":256,"date":"2015-12-28T06:32:27","date_gmt":"2015-12-28T06:32:27","guid":{"rendered":"http:\/\/www.kinderfestival-konz.de\/?page_id=256"},"modified":"2019-07-29T23:03:17","modified_gmt":"2019-07-29T23:03:17","slug":"verkaufsoffener-sonntag","status":"publish","type":"page","link":"https:\/\/www.kinderfestival-konz.de\/?page_id=256","title":{"rendered":"Verkaufsoffener Sonntag"},"content":{"rendered":"<table border=\"0\" width=\"580\">\n<tbody>\n<tr>\n<td>\n<h2>Verkaufsoffener Sonntag in Konz<\/h2>\n<\/td>\n<\/tr>\n<tr>\n<td>\n<hr \/>\n<\/td>\n<\/tr>\n<tr>\n<td>Alle jene, die sich seit langem Mal wieder einen gem\u00fctlichen Stadtbummel und viele attraktive Einkaufsm\u00f6glichkeiten w\u00fcnschen, sollten sich den <strong>08. September 2019<\/strong> rot im Kalender notieren. Denn an diesem Sonntag werden Shoppingtr\u00e4ume in ganz Konz Wirklichkeit. <\/p>\n<p><strong>Verschnaufpause f\u00fcr alle Mamas und Papas<\/p>\n<p><\/strong>Kinderfestival und verkaufsoffener Sonntag, mit dieser pfi ffi gen Mischung schl\u00e4gt Konz gleich zwei Fliegen mit einer Klappe. So bietet dieser Nachmittag nicht nur Kindern spielerische Abwechslung an, sondern sorgt auch daf\u00fcr, dass die Erwachsenen auf dem Marktplatz und in Konz das tolle Einkaufsangebot genie\u00dfen k\u00f6nnen.<\/p>\n<p>In Ruhe durch die Gesch\u00e4fte st\u00f6bern, Entdeckungen machen, sich etwas Sch\u00f6nes g\u00f6nnen und die Seele baumeln lassen. Dieses bunte Repertoire verhei\u00dft ein paar unvergessliche Stunden, bei denen wirklich die ganze Familie voll auf ihre Kosten kommt<\/p>\n<p>Gemeinsam mit vielen Kooperationspartnern ist dem Konzer Stadt-Marketing e.V. hier die Umsetzung eines besonders familienfreundlichen Konzeptes gelungen, das sich seit drei Jahren einer wachsenden Beliebtheit erfreut.<\/td>\n<\/tr>\n<tr>\n<td>&nbsp;<\/td>\n<\/tr>\n<tr>\n<td>&nbsp;<\/td>\n<\/tr>\n<\/tbody>\n<\/table>\n<p>&nbsp;<\/p>\n","protected":false},"excerpt":{"rendered":"<p>Verkaufsoffener Sonntag in Konz Alle jene, die sich seit langem Mal wieder einen gem\u00fctlichen Stadtbummel und viele attraktive Einkaufsm\u00f6glichkeiten w\u00fcnschen, sollten sich den 08. September 2019 rot im Kalender notieren. Denn an diesem Sonntag werden Shoppingtr\u00e4ume in ganz Konz Wirklichkeit. Verschnaufpause f\u00fcr alle Mamas und Papas Kinderfestival und verkaufsoffener Sonntag, mit dieser pfi ffi gen [&hellip;]<\/p>\n","protected":false},"author":1,"featured_media":0,"parent":0,"menu_order":0,"comment_status":"closed","ping_status":"closed","template":"","meta":{"footnotes":""},"_links":{"self":[{"href":"https:\/\/www.kinderfestival-konz.de\/index.php?rest_route=\/wp\/v2\/pages\/256"}],"collection":[{"href":"https:\/\/www.kinderfestival-konz.de\/index.php?rest_route=\/wp\/v2\/pages"}],"about":[{"href":"https:\/\/www.kinderfestival-konz.de\/index.php?rest_route=\/wp\/v2\/types\/page"}],"author":[{"embeddable":true,"href":"https:\/\/www.kinderfestival-konz.de\/index.php?rest_route=\/wp\/v2\/users\/1"}],"replies":[{"embeddable":true,"href":"https:\/\/www.kinderfestival-konz.de\/index.php?rest_route=%2Fwp%2Fv2%2Fcomments&post=256"}],"version-history":[{"count":3,"href":"https:\/\/www.kinderfestival-konz.de\/index.php?rest_route=\/wp\/v2\/pages\/256\/revisions"}],"predecessor-version":[{"id":668,"href":"https:\/\/www.kinderfestival-konz.de\/index.php?rest_route=\/wp\/v2\/pages\/256\/revisions\/668"}],"wp:attachment":[{"href":"https:\/\/www.kinderfestival-konz.de\/index.php?rest_route=%2Fwp%2Fv2%2Fmedia&parent=256"}],"curies":[{"name":"wp","href":"https:\/\/api.w.org\/{rel}","templated":true}]}}

<table border="0" width="580">
<tbody>
<tr>
<td>
<h2>Verkaufsoffener Sonntag in Konz</h2>
</td>
</tr>
<tr>
<td>
<hr />
</td>
</tr>
<tr>
<td>Alle jene, die sich seit langem Mal wieder einen gemütlichen Stadtbummel und viele attraktive Einkaufsmöglichkeiten wünschen, sollten sich den <strong>08. September 2019</strong> rot im Kalender notieren. Denn an diesem Sonntag werden Shoppingträume in ganz Konz Wirklichkeit. </p>
<p><strong>Verschnaufpause für alle Mamas und Papas</p>
<p></strong>Kinderfestival und verkaufsoffener Sonntag, mit dieser pfi ffi gen Mischung schlägt Konz gleich zwei Fliegen mit einer Klappe. So bietet dieser Nachmittag nicht nur Kindern spielerische Abwechslung an, sondern sorgt auch dafür, dass die Erwachsenen auf dem Marktplatz und in Konz das tolle Einkaufsangebot genießen können.</p>
<p>In Ruhe durch die Geschäfte stöbern, Entdeckungen machen, sich etwas Schönes gönnen und die Seele baumeln lassen. Dieses bunte Repertoire verheißt ein paar unvergessliche Stunden, bei denen wirklich die ganze Familie voll auf ihre Kosten kommt</p>
<p>Gemeinsam mit vielen Kooperationspartnern ist dem Konzer Stadt-Marketing e.V. hier die Umsetzung eines besonders familienfreundlichen Konzeptes gelungen, das sich seit drei Jahren einer wachsenden Beliebtheit erfreut.</td>
</tr>
<tr>
<td>&nbsp;</td>
</tr>
<tr>
<td>&nbsp;</td>
</tr>
</tbody>
</table>
<p>&nbsp;</p>

<p>Verkaufsoffener Sonntag in Konz Alle jene, die sich seit langem Mal wieder einen gemütlichen Stadtbummel und viele attraktive Einkaufsmöglichkeiten wünschen, sollten sich den 08. September 2019 rot im Kalender notieren. Denn an diesem Sonntag werden Shoppingträume in ganz Konz Wirklichkeit. Verschnaufpause für alle Mamas und Papas Kinderfestival und verkaufsoffener Sonntag, mit dieser pfi ffi gen [&hellip;]</p>
